e -3*w = 2*g - 69914, 139860 = -2105*g + 2109*g - 2*w. What are the prime factors of g?
34963
Let t be (-1690)/(-5) - 1 - 2. Suppose -3*d - 4*q + q = -351, 3*d - q - t = 0. List the prime factors of d.
113
Suppose -7*w + 5 = -6*w, 5*t - 62885 = w. What are the prime factors of t?
2, 19, 331
Suppose -12 = 6*k - 24. Suppose -5*r + 270 = k*n, 5*n + 28 = 3. List the prime factors of r.
2, 7
Let o(m) = 26623*m**2 + 1. Let y be o(-1). Suppose -5552 = 16*h - y. List the prime factors of h.
3, 439
Let w(j) = j**2 + 23*j - 48. Let o be w(-25). Suppose o*b + 0*s - 528 = -2*s, -269 = -b + 4*s. What are the prime factors of b?
5, 53
Suppose -5*j + 2*p - p + 29 = 0, j - 3*p - 17 = 0. List the prime factors of (88/(-16) + j)*-1292.
2, 17, 19
List the prime factors of ((-2)/(-5))/((-183)/(-4047960)).
2, 7, 79
Suppose -102*j - 393 = -99*j. Let y = j + 150. List the prime factors of y.
19
Suppose k + 15032 - 402 = 3*k. List the prime factors of k.
5, 7, 11, 19
Let j(t) = -2*t**2 - 33*t - 43. Let w be j(-15). Suppose 2 = 5*o + 22. List the prime factors of (w - 28/10)/(o/260).
2, 13
Let t = 100753 - 40983. What are the prime factors of t?
2, 5, 43, 139
Let p(q) = q**3 + 5*q**2 + q - 6. Let j be p(-4). Suppose j*l - 2*l - m = 14, -4*l - 3*m + 6 = 0. Let i = l - -54. List the prime factors of i.
3, 19
Let d(l) = 25*l**2 + 49*l + 20. Let b be d(11). Suppose -907*p + b = -900*p. List the prime factors of p.
2
Let q = -21 - -35. Let d = q - -3. What are the prime factors of (d - (-1 + 3)) + -4?
11
Let i = -7487 + 14547. List the prime factors of i.
2, 5, 353
Let r = 127 + -102. Suppose -r*t + 1876 = -18*t. What are the prime factors of t/(-4)*(-8)/4?
2, 67
List the prime factors of (-3130)/(-4)*(-7 + 222/10).
2, 19, 313
Let c(k) = 34202*k**3 - k**2 + 2*k - 2. What are the prime factors of c(1)?
23, 1487
List the prime factors of (-2)/((-26)/(-65) + (-167992)/419930).
7, 857
Let l(p) = -p**3 + 9*p**2 - p + 12. Let y be l(9). Let x(i) = -3*i - 1 - y*i + 12*i. List the prime factors of x(12).
71
Suppose 15*s - 15924 = 2141 + 25960. What are the prime factors of s?
5, 587
What are the prime factors of (-2171)/((-3)/2 + (8/(-2) - -5))?
2, 13, 167
Let k = 269 + -267. Suppose -k*b + 1330 = 4*j, 4*b = -6*j + 9*j - 1003. List the prime factors of j.
3, 37
Let w = -79 - -86. Let t(k) = -k**2 - k + 39. Let d be t(w). Let h = d + 111. What are the prime factors of h?
2, 47
Let l be (-282)/(-4) + (174/12)/(-29). List the prime factors of ((-16)/14)/(-4) + 74040/l.
2, 23
Suppose -2*b - 58178 = -5*x, -x - 10*b + 15*b + 11654 = 0. What are the prime factors of x?
2, 3, 7, 277
Suppose 3*m + 24169 - 77248 = -4*a, -m - 2*a + 17693 = 0. What are the prime factors of m?
13, 1361
Let a(y) = -7*y**2 - 43 + 64 - y**2 + y**3. List the prime factors of a(11).
2, 3
Let l(k) be the second derivative of 35*k**3/6 - 3*k**2/2 - 14*k. Let x be l(-1). Let n = x + 72. What are the prime factors of n?
2, 17
Let s = 945 - -171. Let v = s - 647. List the prime factors of v.
7, 67
Let p = -39435 - -57865. List the prime factors of p.
2, 5, 19, 97
Suppose 0 = -10*p + 5*p + 815. Let m = 772 - p. List the prime factors of m.
3, 7, 29
Suppose 12*h = -24*h + 1260. Suppose 13*p + h*p = 48624. What are the prime factors of p?
1013
Let w = -3314 - -2316. Let g = w + 1462. List the prime factors of g.
2, 29
Let m = -37081 + 86928. What are the prime factors of m?
7, 7121
Let f(p) = p**3 + 7*p**2 - 6*p + 9. Let g be f(-8). Let q(m) = m**3 + 16*m**2 + 10*m + 10. Let u be q(g). Let y = u + -247. List the prime factors of y.
2, 67
Let d(a) = a**3 + 5*a**2 - 2*a - 9. Let y be d(-6). Let c = -74 - -129. Let m = y + c. List the prime factors of m.
2, 11
Let l(z) = -5*z - 7. Let p be l(-2). Suppose -5*j + 239 = p*t - 207, 3*t = -j + 454. Suppose -2*n + 2 = -t. List the prime factors of n.
7, 11
Suppose 0 = 3*h + 459 - 5454. List the prime factors of h.
3, 5, 37
Suppose -4*k + 22 = -3*c, 0 = 2*k - 0*c + 4*c. Let v(q) = -30 + 3*q**3 + 32 - q + 0*q**3 - k*q**2. List the prime factors of v(4).
2, 3, 7
Let b = -116 + -16726. What are the prime factors of (-1)/(63/(-14)) + b/(-27)?
2, 3, 13
Suppose 7 = -c + 9. Suppose -i - 24 = h, -3*h + 5*i = c*h + 130. Let w = -19 - h. What are the prime factors of w?
2, 3
Let m(z) = z**3 + 8*z**2 - 13*z + 4. Let c = -26 - -125. Suppose 10*n = -c + 9. What are the prime factors of m(n)?
2, 5
Let g(a) be the first derivative of a**4/4 - 20*a**3/3 + 19*a**2/2 - 3*a + 29. Let n be g(19). What are the prime factors of (0 + 2 + n)/((-1)/187)?
11, 17
Suppose 41*z - 8 = 37*z. Suppose 2*q + u - 712 = 0, -7*q - z*u = -10*q + 1068. What are the prime factors of q?
2, 89
Suppose 15*u = 20*u - 4025. Suppose 13*w = 352 + u. What are the prime factors of w?
89
Suppose 4*d - 4267 - 677 = 0. Suppose 2*v = -458 + d. List the prime factors of v.
389
Let a be 6 + (-3 + 1687)/4. Suppose -9*o = -2*o - a. List the prime factors of o.
61
Let r(i) = 2114*i + 23. What are the prime factors of r(5)?
3, 11, 107
Let i = -457 - -679. Let l be (129/15)/(1/5). Suppose 45*k = l*k + i. List the prime factors of k.
3, 37
Suppose -3044 - 3627 = -7*j + 3822. What are the prime factors of j?
1499
Let i(h) = 37*h - 159. Let r be (12/((-240)/190))/(2/(-4)). What are the prime factors of i(r)?
2, 17
Suppose 0 = 47*g - 48*g + 1. List the prime factors of g/(105/25 + -4) - -293.
2, 149
Let m be ((-70)/(-4) - 4)*4/6. Suppose m*o - 881 = 2557. What are the prime factors of o?
2, 191
Let l(j) = -2*j**2 + 32*j + 69. Let v be l(18). What are the prime factors of 1 - v - 82*(-3)/6?
3, 5
Let u(p) = p**3 - 9*p + 13. Let h be u(2). Suppose -6*q - 5*d = -h*q - 395, -4*q + 5*d + 585 = 0. List the prime factors of q.
2, 5, 7
Let s be (-6)/5 - ((-48)/15 + 3). Let n be s/(4/(-16)) - (1 - 3). List the prime factors of (6/9)/2 + 166/n.
2, 7
Let r(i) = 2*i - 12. Let f be r(9). Let q be f/14 + 5706/63. Let m = -41 + q. List the prime factors of m.
2, 5
Suppose -4*t = -20, 0 = -3*w - 3*t + 102 + 48. Let f = w - 26. List the prime factors of -1 + f - 40/10.
2, 7
Let q be -4 + 2066 + (-11 - -8). Suppose 5*o - 370 = -2*s + q, -2*s = -4. List the prime factors of o.
5, 97
Let l be (24/(-3))/((-5)/120*-3). Let s = 46 - l. List the prime factors of s.
2, 5, 11
Let i be (-2 - 0)/(4/320). Let r = 279 + i. Suppose 7 - r = -4*d. List the prime factors of d.
2, 7
Let t(s) = 56*s**2 - 43*s + 44. What are the prime factors of t(-11)?
3, 11, 13, 17
Suppose -130 = 5*w + 4*c, -5*w + w + 5*c = 145. Let u = w + 151. Let r = u - -11. List the prime factors of r.
2, 3, 11
Let u = 717 - 1440. Let a = u + 815. List the prime factors of a.
2, 23
Let l(h) = h**2 - 4*h + 22. Let v(b) = -5*b**2 + 22*b - 109. Let d(x) = 11*l(x) + 2*v(x). What are the prime factors of d(20)?
2, 53
Suppose 52*m - 34*m - 33*m + 106095 = 0. List the prime factors of m.
11, 643
Suppose 3*h + 2*t = 36987, -153 = t - 156. What are the prime factors of h?
3, 7, 587
Suppose 5*m + 6850158 = 306*m. What are the prime factors of m?
2, 3, 3793
Let p(w) = -1124*w**3 + 28*w**2 + 137*w + 35. List the prime factors of p(-4).
3, 23957
Let m(i) = 169*i**2 + 6*i - 7. Let s = -165 - -59. Let d = s + 107. What are the prime factors of m(d)?
2, 3, 7
Suppose 295*o - 196 = 288*o. Suppose 3*u + o*u = 24924. What are the prime factors of u?
2, 3, 67
Let r = 176 + 33. Suppose 3*d - 191 = 2*t, -4*t - 5*d - r - 206 = 0. What are the prime factors of (t/6)/(2/(-6))?
2, 5
Let m = -241 - -140. Let z(v) = 16*v - 18. Let x be z(4). Let q = x - m. What are the prime factors of q?
3, 7
Let h = -38904 - -73683. What are the prime factors of h?
3, 11593
Let s be 2/(-10) - (-71)/10*52. Suppose 0 = h + 3*h + 5*p - 447, 0 = -3*h + 3*p + s. List the prime factors of h + -2 + (1 - -3).
2, 3, 5
Suppose g - 12 + 8 = 0. Let v be g + -394 + (4 - 2)*1. Let m = -211 - v. List the prime factors of m.
3, 59
Suppose 0 = 9*m - 5*m + 96. What are the prime factors of (m/9)/(-1 + 1/3)?
2
Let h = 175 + -146. Let n = h - -423. List the prime factors of n.
2, 113
Let f = -4822 + 6936. List the prime factors of f.
2, 7, 151
Let b = -379 - -253. Let x = b + 248. Suppose -176*u = -174*u - x. What are the prime factors of u?
61
Let l(x) = -2*x**3 - 45*x**2 + 85*x - 143. List the prime factors of l(-32).
3, 5531
Suppose -17*f + 22*f - 6885 = 0. Suppos